011001 (base 2) to base 10.
-153
6 (base 12) to base 4
12
Convert -70 (base 16) to base 5.
-422
-2 (base 4) to base 7
-2
-2 (base 6) to base 10
-2
What is -8 (base 14) in base 5?
-13
What is -100000 (base 2) in base 4?
-200
-1011110 (base 2) to base 4
-1132
Convert 118 (base 10) to base 6.
314
-10 (base 5) to base 3
-12
-101 (base 2) to base 15
-5
352 (base 8) to base 13
150
-15 (base 14) to base 16
-13
Convert -4 (base 10) to base 15.
-4
Convert -6b (base 14) to base 16.
-5f
Convert -2 (base 14) to base 9.
-2
43 (base 8) to base 10
35
-15 (base 8) to base 7
-16
What is 0 (base 8) in base 12?
0
Convert 22 (base 5) to base 2.
1100
What is 240 (base 8) in base 7?
316
What is -12 (base 8) in base 14?
-a
What is 3 (base 8) in base 4?
3
Convert -12 (base 12) to base 7.
-20
88 (base 14) to base 13
93
What is 212 (base 3) in base 6?
35
Convert 1 (base 15) to base 12.
1
What is 1011 (base 5) in base 14?
95
What is -1 (base 16) in base 2?
-1
Convert 150 (base 11) to base 5.
1201
What is 1100111 (base 2) in base 16?
67
-12 (base 6) to base 4
-20
What is 2 (base 15) in base 4?
2
-1 (base 3) to base 13
-1
What is d6 (base 16) in base 6?
554
12 (base 4) to base 14
6
Convert 1010 (base 4) to base 11.
62
What is -b0 (base 15) in base 3?
-20010
Convert 1 (base 6) to base 3.
1
Convert -7 (base 10) to base 11.
-7
What is 0 (base 3) in base 8?
0
Convert 66 (base 8) to base 4.
312
What is -2 (base 6) in base 8?
-2
111 (base 10) to base 6
303
What is -1a (base 13) in base 5?
-43
What is 10 (base 2) in base 12?
2
-2 (base 16) to base 6
-2
What is -1 (base 4) in base 3?
-1
What is -30 (base 6) in base 4?
-102
What is 39 (base 12) in base 10?
45
-5 (base 12) to base 16
-5
-5d (base 16) to base 8
-135
Convert 1033 (base 5) to base 9.
168
What is 1 (base 2) in base 16?
1
Convert 10 (base 12) to base 9.
13
What is -115 (base 7) in base 12?
-51
-51 (base 6) to base 5
-111
-14 (base 13) to base 8
-21
Convert -5 (base 13) to base 15.
-5
Convert 3 (base 7) to base 16.
3
Convert 1000101 (base 2) to base 6.
153
2 (base 4) to base 10
2
What is 0 (base 3) in base 4?
0
Convert 42 (base 13) to base 16.
36
-7 (base 16) to base 7
-10
Convert -14 (base 7) to base 11.
-10
Convert 202 (base 3) to base 11.
19
Convert -101 (base 2) to base 16.
-5
Convert 112 (base 3) to base 6.
22
Convert 3 (base 11) to base 14.
3
-22 (base 4) to base 12
-a
What is -3 (base 5) in base 8?
-3
What is 6 (base 8) in base 10?
6
Convert 131 (base 4) to base 8.
35
Convert 2 (base 12) to base 5.
2
Convert 62 (base 10) to base 4.
332
Convert -3 (base 14) to base 10.
-3
Convert -102 (base 6) to base 15.
-28
Convert 27 (base 8) to base 16.
17
b3 (base 16) to base 15
be
-1 (base 14) to base 10
-1
Convert 3 (base 5) to base 13.
3
What is 100 (base 2) in base 11?
4
What is -3 (base 5) in base 11?
-3
53 (base 11) to base 12
4a
What is -4 (base 11) in base 6?
-4
What is -313 (base 10) in base 8?
-471
What is -142 (base 6) in base 11?
-57
Convert 2 (base 12) to base 3.
2
18 (base 12) to base 2
10100
What is -41 (base 13) in base 4?
-311
22 (base 7) to base 11
15
Convert -13 (base 5) to base 2.
-1000
4 (base 5) to base 3
11
-34 (base 6) to base 3
-211
Convert 7 (base 12) to base 5.
12
What is -7 (base 8) in base 12?
-7
What is 69 (base 11) in base 4?
1023
a8 (base 11) to base 16
76
What is -105 (base 11) in base 4?
-1332
-5 (base 16) to base 9
-5
What is -6 (base 12) in base 9?
-6
Convert -53 (base 7) to base 11.
-35
What is -1 (base 10) in base 4?
-1
Convert 5 (base 16) to base 2.
101
Convert 0 (base 4) to base 3.
0
Convert -211 (base 6) to base 16.
-4f
Convert -135 (base 9) to base 12.
-95
What is -20 (base 8) in base 14?
-12
Convert -12 (base 8) to base 16.
-a
-101 (base 2) to base 8
-5
Convert -1000001 (base 2) to base 3.
-2102
56 (base 16) to base 14
62
2 (base 3) to base 6
2
Convert -12 (base 15) to base 6.
-25
What is 1 (base 13) in base 12?
1
What is -4 (base 16) in base 14?
-4
-2 (base 13) to base 10
-2
Convert 12 (base 7) to base 15.
9
3b (base 14) to base 8
65
11 (base 8) to base 12
9
Convert -12 (base 15) to base 11.
-16
What is 133 (base 7) in base 14?
53
What is -3 (base 8) in base 2?
-11
Convert -10 (base 7) to base 16.
-7
What is 4 (base 13) in base 3?
11
What is 8 (base 12) in base 8?
10
Convert a (base 14) to base 16.
a
What is -3 (base 11) in base 8?
-3
Convert 2 (base 16) to base 10.
2
What is -122 (base 7) in base 4?
-1001
What is -1000101 (base 2) in base 5?
-234
What is -10 (base 8) in base 9?
-8
Convert -201 (base 4) to base 13.
-27
Convert -25 (base 9) to base 7.
-32
-1 (base 2) to base 9
-1
What is 0 (base 4) in base 9?
0
-90 (base 13) to base 7
-225
What is 33 (base 13) in base 9?
46
What is -9a (base 16) in base 10?
-154
20 (base 14) to base 2
11100
Convert 3 (base 4) to base 8.
3
What is -7 (base 13) in base 5?
-12
What is -5 (base 6) in base 7?
-5
What is -26 (base 7) in base 13?
-17
c (base 14) to base 15
c
Convert -3 (base 7) to base 11.
-3
-12 (base 13) to base 12
-13
What is 0 (base 5) in base 13?
0
Convert 2 (base 7) to base 10.
2
Convert 23 (base 15) to base 4.
201
-27 (base 13) to base 4
-201
What is -2 (base 9) in base 3?
-2
What is -4 (base 5) in base 9?
-4
6 (base 16) to base 15
6
7e (base 16) to base 14
90
-13 (base 12) to base 14
-11
What is -5 (base 10) in base 13?
-5
f (base 16) to base 10
15
3 (base 4) to base 11
3
-51 (base 10) to base 15
-36
Convert -1 (base 14) to base 9.
-1
Convert -1 (base 16) to base 14.
-1
Convert -a (base 14) to base 2.
-1010
Convert -1 (base 10) to base 6.
-1
Convert 2 (base 5) to base 4.
2
Convert 3 (base 13) to base 15.
3
Convert -220 (base 9) to base 8.
-264
Convert 3 (base 11) to base 12.
3
Convert 101 (base 4) to base 7.
23
Convert 5 (base 12) to base 2.
101
What is -101 (base 8) in base 10?
-65
-38 (base 11) to base 9
-45
What is -11100010 (base 2) in base 3?
-22101
What is 92 (base 15) in base 16?
89
Convert -276 (base 11) to base 7.
-643
Convert -25 (base 14) to base 6.
-53
120 (base 12) to base 16
a8
Convert -1 (base 16) to base 2.
-1
Convert 20 (base 12) to base 11.
22
Convert 25 (base 8) to base 9.
23
11 (base 11) to base 10
12
-100 (base 2) to base 15
-4
-375 (base 8) to base 11
-210
-11 (base 3) to base 9
-4
7 (base 12) to base 13
7
0 (base 2) to base 9
0
What is -3 (base 15) in base 12?
-3
-60 (base 8) to base 11
-44
35 (base 12) to base 16
29
-10000001 (base 2) to base 4
-2001
Convert -110 (base 2) to base 13.
-6
What is -5 (base 6) in base 9?
-5
Convert 10 (base 11) to base 2.
1011
-145 (base 6) to base 14
-49
Convert 3 (base 14) to base 8.
3
Convert -9 (base 13) to base 4.
-21
-5 (base 16) to base 10
-5
Convert -10 (base 12) to base 6.
-20
2 (base 3) to base 4
2
3 (base 16) to base 2
11
What is 2 (base 5) in base 2?
10
5 (base 11) to base 14
5
Convert -1d3 (base 14) to base 16.
-17d
What is -28 (base 10) in base 9?
-31
What is 1 (base 12) in base 6?
1
Convert -56 (base 8) to base 15.
-31
Convert 37 (base 10) to base 5.
122
What is -40 (base 5) in base 12?
-18
What is 1102 (base 3) in base 8?
46
Convert 80 (base 15) to base 12.
a0
What is -110 (base 2) in base 13?
-6
-1144 (base 5) to base 15
-b9
13 (base 10) to base 7
16
Convert 8a (base 12) to base 13.
82
2 (base 5) to base 12
2
-1 (base 6) to base 3
-1
Convert e (base 15) to base 6.
22
What is 122 (base 3) in base 7?
23
What is 210 (base 6) in base 13?
60
Convert 0 (base 5) to base 4.
0
Convert 48 (base 11) to base 9.
57
Convert -266 (base 11) to base 5.
-2224
Convert 1 (base 14) to base 11.
1
What is -65 (base 7) in base 6?
-115
What is 3 (base 15) in base 12?
3
Convert 9 (base 12) to base 15.
9
What is 2 (base 12) in base 7?
2
What is -a7 (base 13) in base 10?
-137
What is 0 (base 14) in base 10?
0
1 (base 6) to base 9
1
-9 (base 10) to base 9
-10
Convert 1111100 (base 2) to base 8.
174
-42 (base 9) to base 3
-1102
Convert 46 (base 8) to base 3.
1102
33 (base 9) to base 15
20
20 (base 9) to base 3
200
Convert 1102 (base 3) to base 14.
2a
What is 1 (base 8) in base 3?
1
Convert b (base 12) to base 8.
13
Convert 110 (base 2) to base 13.
6
Convert -42 (base 9) to base 13.
-2c
What is -16 (base 16) in base 10?
-22
-2 (base 3) to base 14
-2
Convert -205 (base 12) to base 9.
-355
What is 11 (base 2) in base 8?
3
Convert -357 (base 8) to base 4.
-3233
Convert 2b (base 12) to base 14